, 215711953
What are the prime factors of 92054198?
2, 71, 648269
List the prime factors of 5711103108.
2, 3, 137, 1157969
What are the prime factors of 108688991?
41, 709, 3739
What are the prime factors of 237383?
23, 10321
List the prime factors of 2645849451.
3, 7, 17, 7411343
What are the prime factors of 211370324?
2, 11, 4803871
List the prime factors of 20782950.
2, 3, 5, 349, 397
What are the prime factors of 4402568253?
3, 23, 83, 113, 6803
What are the prime factors of 897263308?
2, 3547, 63241
List the prime factors of 19906644.
2, 3, 29, 57203
List the prime factors of 707065191.
3, 7, 809, 13873
List the prime factors of 606561152.
2, 23, 206033
What are the prime factors of 24746214?
2, 3, 4124369
What are the prime factors of 342283355?
5, 17, 23, 175081
What are the prime factors of 957387535?
5, 13, 23, 49261
List the prime factors of 13982953.
31, 71, 6353
List the prime factors of 107024712.
2, 3, 4459363
What are the prime factors of 56959062?
2, 3, 131, 72467
What are the prime factors of 2068736231?
2068736231
List the prime factors of 2992371.
3, 569, 1753
What are the prime factors of 911366946?
2, 3, 7, 7233071
What are the prime factors of 73347913?
193, 380041
List the prime factors of 5625393499.
11, 67, 127, 60101
List the prime factors of 13867897.
79, 175543
What are the prime factors of 12784658?
2, 47, 277, 491
List the prime factors of 6236351242.
2, 11, 661, 428851
List the prime factors of 110703496.
2, 13837937
What are the prime factors of 1802366907?
3, 11, 29, 1883351
What are the prime factors of 59613689?
59613689
List the prime factors of 1647851281.
1647851281
List the prime factors of 314378695.
5, 137, 458947
List the prime factors of 415568.
2, 19, 1367
List the prime factors of 2193869015.
5, 13, 53, 491, 1297
What are the prime factors of 604834777?
604834777
What are the prime factors of 10270067?
2237, 4591
List the prime factors of 302233925.
5, 7, 1727051
List the prime factors of 1718175476.
2, 429543869
List the prime factors of 8271005.
5, 1654201
What are the prime factors of 31543978?
2, 15771989
List the prime factors of 10485762.
2, 3, 7, 29, 8609
List the prime factors of 1488033509.
1488033509
What are the prime factors of 265222766?
2, 743, 178481
List the prime factors of 6835747119.
3, 9173, 248401
List the prime factors of 131590766.
2, 251, 262133
What are the prime factors of 122043113?
67, 1319, 1381
What are the prime factors of 10524298?
2, 5262149
What are the prime factors of 1883206217?
21529, 87473
List the prime factors of 70499016.
2, 3, 7, 43, 3253
List the prime factors of 24972812.
2, 59, 105817
What are the prime factors of 108637111?
11, 9876101
What are the prime factors of 88501675?
5, 3540067
What are the prime factors of 59363136?
2, 3, 7, 14723
What are the prime factors of 379854618?
2, 3, 11, 13, 442721
What are the prime factors of 98081776?
2, 13, 239, 1973
What are the prime factors of 321796160?
2, 5, 7, 19, 7561
What are the prime factors of 62131272?
2, 3, 7, 369829
List the prime factors of 301007997.
3, 199, 168067
List the prime factors of 3575027667.
3, 10303, 115663
What are the prime factors of 415634185?
5, 193, 430709
List the prime factors of 70624127.
7, 47, 214663
List the prime factors of 459850011.
3, 67, 2287811
What are the prime factors of 56886626?
2, 28443313
List the prime factors of 496212991.
43, 11539837
What are the prime factors of 12113782?
2, 6056891
What are the prime factors of 594283221?
3, 7, 947, 1423
List the prime factors of 49168476.
2, 3, 7, 59, 3307
What are the prime factors of 99914210?
2, 5, 11, 881, 1031
List the prime factors of 113759931.
3, 37919977
What are the prime factors of 1731181185?
3, 5, 1097, 35069
What are the prime factors of 96231232?
2, 1503613
List the prime factors of 2011078618.
2, 41, 24525349
What are the prime factors of 11734456?
2, 131, 11197
List the prime factors of 2461331881.
683, 1123, 3209
What are the prime factors of 46072483?
67, 211, 3259
What are the prime factors of 66673455?
3, 5, 73, 60889
List the prime factors of 243312954.
2, 3, 40552159
What are the prime factors of 51228332?
2, 19, 674057
List the prime factors of 134351124.
2, 3, 113, 99079
List the prime factors of 793983740.
2, 5, 11, 37, 103, 947
List the prime factors of 55099885.
5, 281, 39217
List the prime factors of 70921736.
2, 1069, 8293
What are the prime factors of 46278875?
5, 23, 16097
List the prime factors of 35410279.
1777, 19927
What are the prime factors of 19059201?
3, 7, 283, 1069
What are the prime factors of 830950?
2, 5, 16619
What are the prime factors of 908395608?
2, 3, 37849817
List the prime factors of 27920661.
3, 347, 26821
What are the prime factors of 884728605?
3, 5, 58981907
What are the prime factors of 70044642?
2, 3, 1297123
List the prime factors of 628773381.
3, 23287903
List the prime factors of 8243833.
13, 634141
List the prime factors of 402440692.
2, 443, 227111
What are the prime factors of 273886708?
2, 431, 158867
What are the prime factors of 75931752?
2, 3, 13, 19, 12809
What are the prime factors of 103127424?
2, 3, 271, 991
List the prime factors of 39854752.
2, 7, 181, 983
List the prime factors of 619201682.
2, 11, 28145531
List the prime factors of 2037338276.
2, 17, 29, 983, 1051
What are the prime factors of 132231764?
2, 7, 29, 162847
List the prime factors of 579853904.
2, 7, 1429, 3623
List the prime factors of 2946503807.
13, 226654139
List the prime factors of 903241943.
17, 53131879
List the prime factors of 2984002.
2, 7, 30449
List the prime factors of 612839309.
6827, 89767
List the prime factors of 239473841.
71, 83, 40637
List the prime factors of 107125827.
3, 457, 78137
List the prime factors of 682878617.
682878617
What are the prime factors of 746861390?
2, 5, 11, 83, 179, 457
What are the prime factors of 45448099?
37, 1228327
List the prime factors of 525696195.
3, 5, 29, 59, 20483
What are the prime factors of 816496751?
7, 73, 32609
What are the prime factors of 489596544?
2, 3, 424997
List the prime factors of 39061992.
2, 3, 1627583
List the prime factors of 16402168.
2, 19, 29, 61
What are the prime factors of 134064592?
2, 1459, 5743
What are the prime factors of 115495792?
2, 1381, 5227
List the prime factors of 3580009.
37, 96757
What are the prime factors of 1173926503?
1173926503
List the prime factors of 4612234668.
2, 3, 113, 173, 19661
List the prime factors of 1514348253.
3, 11, 17, 899791
List the prime factors of 2754606267.
3, 7, 29, 313, 4817
List the prime factors of 671529166.
2, 7, 11, 4360579
List the prime factors of 1831793557.
11, 47, 457, 7753
List the prime factors of 32904998.
2, 7, 19, 103, 1201
What are the prime factors of 122082551?
23, 97, 54721
What are the prime factors of 24338030?
2, 5, 2433803
List the prime factors of 457835607.
3, 211, 241093
List the prime factors of 139994734.
2, 11, 107, 59471
List the prime factors of 42463204.
2, 7, 216649
List the prime factors of 132439011.
3, 43, 59, 17401
List the prime factors of 72865299.
3, 13, 773, 2417
List the prime factors of 137565828.
2, 3, 3821273
List the prime factors of 18079923.
3, 6026641
What are the prime factors of 107887188?
2, 3, 2539, 3541
List the prime factors of 10709793.
3, 79, 5021
List the prime factors of 709930459.
7, 19, 67, 79669
List the prime factors of 491407558.
2, 23, 107, 99839
List the prime factors of 4591425691.
619, 2053, 3613
What are the prime factors of 7065444?
2, 3, 29, 79, 257
What are the prime factors of 42364764?
2, 3, 13, 90523
List the prime factors of 2809258244.
2, 13, 47, 773, 1487
List the prime factors of 42402842.
2, 21201421
List the prime factors of 2481749764.
2, 13, 31, 1539547
What are the prime factors of 327323621?
19, 61, 109, 2591
What are the prime factors of 57214963?
13, 229, 19219
What are the prime factors of 15956161?
13, 107, 11471
What are the prime factors of 27980968?
2, 373, 9377
List the prime factors of 17220624.
2, 3, 31, 71, 163
What are the prime factors of 352903791?
3, 117634597
List the prime factors of 572750080.
2, 5, 7, 97, 659
List the prime factors of 45946013.
4903, 9371
What are the prime factors of 2416054500?
2, 3, 5, 191, 937
What are the prime factors of 5541980